is the value of -5 + (-11 + 5 + 8 - (4 + 0))?
-7
Calculate -20 + -6 + 20 + 9.
3
Evaluate -12 + (-3 - (-3 - 12)).
0
Evaluate 0 + -14 + (-1 - -2) + 1.
-12
(13 + 10 - -7) + -56
-26
Calculate 10 + (-10 - (1 - 12)).
11
What is -4 + (-7 - -3) + 0 + 18?
10
What is the value of -23 - (2 - 28 - (20 - 30))?
-7
What is 50 - 12 - (13 - -9)?
16
What is -9 - 0 - (-7 + 8) - -17?
7
(7 - (4 - -2)) + -18
-17
What is 12 + (-26 - (6 - 14))?
-6
Calculate -23 - -12 - -30 - -1.
20
Calculate (-10 - (-12 - -6)) + (18 - (-3 - 0)).
17
8 + -18 + -8 + 17 + (-3 - 2)
-6
Calculate -2 + -2 - (5 - (-3 - (4 + -12))).
-4
Calculate 14 + -2 + -21 + 16.
7
What is -3 + 8 - ((-8 - 0) + (-6 - -17))?
2
-20 - (-44 - -37 - (0 + -3))
-16
What is -22 - (-24 + (16 - 1 - 1))?
-12
Evaluate 14 - 9 - 17 - -7 - -16.
11
15 + 20 + 10 + -8 + -12
25
Evaluate (5 - (-6 + 15)) + 5 + (-8 - 4).
-11
What is the value of 0 - (-5 - (-4 + 5 - (2 - -30)))?
-26
2 - 3 - (-7 - -1 - (-8 - -5))
2
What is (3 - 4) + (-17 - (-6 - (0 + 2)))?
-10
What is 14 - 1 - (-34 - -8 - -27)?
12
What is -54 + 18 + -5 - -22?
-19
(-4 - -1) + 9 + -2 + -10 + 9
3
Calculate -10 + (-46 - -21) + 18.
-17
What is (1 + (4 - 10) - -3) + 0 - 1?
-3
Calculate -42 + 44 - ((2 - 1) + 1).
0
1 + -23 + 15 - -24 - -8
25
What is 2 + (1 - (2 - -8 - 4))?
-3
What is the value of (2 - -5) + -28 + (-4 - -35)?
10
What is the value of 1 + -7 + 4 - (-19 - -33)?
-16
What is the value of (6 + -1 - 0) + 702 + -707?
0
Evaluate (4 + -9 - 7) + 4 + 18.
10
What is 16 - 12 - 11 - (4 - 2 - 0)?
-9
-26 + (32 - 8) + 25
23
Evaluate 0 + 4 - (-13 + 22).
-5
Calculate 9 + (-14 - -14) - 8.
1
(20 - 4) + (25 + -22 - 21)
-2
What is (17 - ((6 - 20) + 1)) + -10?
20
12 + (8 + -5 - 14) + -31
-30
Calculate -7 + 3 + 1 - -10 - 0.
7
Evaluate 1 + (2 - 4) + 10.
9
Evaluate (-37 + 5 - -14) + 9 + (-1 - 0).
-10
What is the value of -1 + 5 + -14 + (2 - 4) + 11?
-1
Calculate -5 + (3 - (-11 - -15 - 3) - -4).
1
What is 14 + -12 + (-2 + -1 - -4) + 7?
10
Calculate -1 - -4 - (16 - 9) - (1 - 5).
0
What is -3 + 0 + -1 - (-40 - -44)?
-8
0 + 3 - ((10 - 8) + 8) - -19
12
Evaluate -39 + 40 + (-17 - -3).
-13
Calculate 6 - 0 - (6 - 7) - (43 - 29).
-7
What is (18 - (-8 + 5)) + -7?
14
Calculate -11 + -11 + 8 + 2 + -2.
-14
10 + (5 - -9) + -3 + 3 + -1
23
Calculate -22 + (-6 - -8) + -2.
-22
Calculate (7 - (2 - -12) - -19) + (-4 - -2).
10
What is the value of 23 - (7 - 3 - -20)?
-1
Calculate 8 - (18 + (-5 - -1)).
-6
What is 29 - -18 - (-16 + 38)?
25
Evaluate -2 - (-3 + 7) - ((-9 - -1) + 16).
-14
Calculate -25 + 16 - (-2 - (-4 + -4)).
-15
Calculate (-5 - (1 - 3)) + (-3 - (-45 - -46)).
-7
What is the value of 15 + -17 - (-17 + 8)?
7
Calculate (2 - 1) + (-9 - (-3 - 4)).
-1
(-14 - -4) + (86 - 87)
-11
-8 - (7 + 4 + (-25 - -3))
3
Evaluate -19 + (-14 - -17 - (-1 - 0)).
-15
Evaluate 2 - (-1 + -7 + 5 + 1 + -4).
8
Evaluate -63 - -58 - (1 + 0) - 6.
-12
What is -6 + 0 + 19 + -23?
-10
-17 - (-27 + (-27 - -47))
-10
What is the value of -4 - -7 - (1 + 5 - -4)?
-7
Evaluate (8 - 0) + (2 - 4 - -3) + 2.
11
What is -15 - (-4 + -10) - (2 - -2)?
-5
Calculate (-4 - -13 - 60 - -9) + 17.
-25
What is (4 - 27) + (-4 - (-7 - (-10 + 6)))?
-24
What is 9 - ((-14 - 34) + 27)?
30
-11 + (28 - (-1 - -13) - 33)
-28
Calculate 6 + 2 + (-1 - (28 - 4)).
-17
Calculate -11 + 12 + (14 - 25).
-10
Evaluate -4 + -8 + (0 - (0 - 16)) + -4.
0
Evaluate -22 + (16 + 12 - 21).
-15
What is the value of -23 - (0 + -41 + 5)?
13
-1 - (5 + (4 - -1 - 8)) - -1
-2
2 + -19 + (27 - 18) + (28 - 6)
14
What is (11 - 6) + -6 + (-3 - 0)?
-4
-4 - (-5 + -4 + -9 + 19 + 4)
-9
What is the value of 11 + (8 - 1) + (128 - 142)?
4
What is the value of (52 - (-13 + 56)) + (-1 - -19)?
27
What is the value of -93 + 98 - (4 + 0)?
1
What is 10 - 34 - -13 - -11 - 25?
-25
Evaluate -89 + 88 + 3 + -1 + 7 + -27.
-19
Evaluate -3 - (1 + -15 - (-90 + 84)).
5
What is the value of (-6 - -5 - -7) + -7 - -8?
7
Calculate 7 - 0 - (-44 - -44) - -18.
25
8 + -5 + 3 + 2 - (23 - -8)
-23
Calculate -42 - -32 - (-12 + 2).
0
Calculate -52 + 17 + 24 + 14.
3
What is the value of -6 + (24 - 12) + 4?
10
Calculate (-22 - -18) + 13 + -2.
7
-7 - (-11 + (5 - 6)) - 4 - -6
7
What is 7 + -2 + 1 - (23 + -18) - -7?
8
Calculate 16 + 11 + (-35 - -3) + 10.
5
Calculate 6 - (-9 + (65 + -63 - (1 + -12))).
2
What is (-4 - (-5 - 5)) + -12?
-6
-449 - -424 - (-16 - 1)
-8
Evaluate 136 + -139 + (1 - -2).
0
-35 - (-34 + 4 + -1)
-4
Calculate (35 + -14 - 34) + 18.
5
What is (13 - 1 - 1) + (-4 - (-14 + 7))?
14
What is the value of 0 - 12 - (1 - (5 - 1) - -1)?
-10
Calculate 19 - 25 - (25 + -12 + -9).
-10
Calculate (1 - 4) + (-109 - -113).
1
Calculate -3 - (8 - -21 - 0).
-32
Calculate 12 + -1 + 9 + -2 + -15.
3
What is the value of -3 + 2 - 5 - ((-1 - -22) + -10)?
-17
-15 + -6 + (-9 - -15)
-15
Evaluate 18 + (-7 - -4) + 5 + -8.
12
What is (-13 + 31 + -2 - 2) + 21?
35
(-87 - -38) + (5 + 17 - 3)
-30
What is -1 - -13 - (38 + -27 + -14)?
15
What is the value of -17 + 26 - (63 - 62)?
8
What is the value of 3 - (5 - (8 - 3))?
3
Calculate -5 + -1 + 9 + (-3 - -4).
4
(0 - -6) + (-17 - (-1 - -3)) + 5
-8
Calculate 209 - 262 - (-1 - 34).
-18
Evaluate 21 - (-27 - (-16 + -7)).
25
Calculate -14 + (-11 - -14) + 7.
-4
Evaluate (-1 + -6 - (6 - 12)) + (-7 - -2).
-6
Calculate 4 - 6 - -7 - -1.
6
Evaluate -7 + (-8 - (22 + -42)).
5
Calculate -20 + -7 + 17 - (-19 + 1).
8
What is -1 + 0 + 6 + (17396 - 17368)?
33
Calculate 0 + (11 - (9 + -20 + 15)) - 28.
-21
Evaluate 32 - (14 + 5) - (-1 + 5).
9
What is -4 - (-3 - (1 + -8)) - (-22 + 27)?
-13
Calculate (-5 - (2 + (7 + -7 - -7))) + 2.
-12
-2 - 23 - ((-24 - -6) + 3)
-10
Calculate 4 - (-4 + (0 - -2)) - (-232 + 243).
-5
What is the value of (-32 - -15) + 26 + 3 + 17?
29
Calculate 8 - ((22 - 17) + 10).
-7
11 + (-2 + (1 - 8 - -9) - -8)
19
-8 + 1 + (17 + 10 - -7 - 14)
13
What is the value of (40 - 36) + (-1 - -13)?
16
Calculate (-2 - 13) + (98 - 96).
-13
What is (-24 - -3 - (-1 - 1)) + 521 + -514?
-12
What is the value of 1 + 1 + 9 + -27 + 2?
-14
What is -8 + (-3 + 4 + (-8 - -5) - 1)?
-11
What is -12 + (10 - (27 + -15))?
-14
11 - (0 - -23 - (-75 - -85))
-2
Calculate (5 - (-2 + 0)) + 18 + 3 + -19.
9
Calculate -14 + (-4 - -19 - 19) + 14.
-4
What is -11 + -1 + 7 + (26 - 3)?
18
What is the value of -26 + 30 + (-1 - -7) + 1?
11
What is the value of (15 - 8 - 5) + -6 + 15?
11
684 - 680 - (-3 - -1)
6
What is -4 + 3 - (21 + (-12 - -1))?
-11
What is (-27 - -4) + -4 + (8 - 3)?
-22
-3 + 12 + -3 - (50 + -53) - -5
14
What is the value of -4 - (-13 - (-4 - 1)) - (5 - -7)?
-8
Calculate -32 - -2 - ((33 - 64) + 19).
-18
-5 - (2 - (-1 - (-3 + 0 + 5)))
-10
Evaluate -24 - ((-57 + 34 - -26) + (0 - -1)).
-28
Evaluate 2 + 7 + -5 + -5.
-1
(-14 - -18) + 0 + -4 + -270 + 295
25
Evaluate -3 + (-4 - 13) + 7.
-13
What is the value of -10 + 15 + 1 + -2 + -3?
1
What is the value of -8 - (-10 - ((11 - -4) + -1))?
16
Evaluate (-4 - -6 - (-8 - (-3 - 1))) + -1.
5
Calculate (2 - (2 - 6)) + 14 + -20.
0
Evaluate 18 + (-10 - (1 - 11) - -5) + -1.
22
What is the value of 26 + -2 + (-95 - -57 - -35)?
21
(27 - 4) + (105 - 124)
4
Calculate (128 - 143) + (23 - 2).
6
What is 1 + 1 - (-158 - -150)?
10
Evaluate 13 + -29 + 7 + 0 - -11.
2
(-3 + 6 - (-7 + 2 + -1)) + -36
-27
What is the value of -5 - ((0 + -9 - (20 + -24)) + -4)?
4
What is the value of 5 + (-4 - ((-13 - -7) + 2 + -3))?
8
Calculate -10 + 4 + 11 + 9 + -2.
12
Evaluate -23 + -8 + 4 + (-16 - (-10 - 16)).
-17
What is the value of (4 - (12 + -1)) + 20?
13
What is -12 + 4 - ((3 - 16) + 23 + -17)?
-1
Calculate 37 - (-23 - (-72 - -41)).
29
What is the value of (-2 - -4) + (-14 - (16 - 12))?
-16
Calculate (-10 - -19 - 19) + 15 + -13.
-8
What is the value of 13 - (7 - (-14 + 11 - -20))?
23
What is 18 + -80 + 72 - (-2 + (-1 - -2))?
11
Calculate 1 - (-1 + 1 + 2).
-1
Evaluate (-5 - 10) + 12 - (11 - -4).
-18
What is the value of (-1 - 9) + 3 + (-2 + -2 - -3)?
-8
What is the value of 2 + (-3 - -1 - -3) - (60 + -62)?
5
Evaluate (1 - (51 - 25 - (-2 - 4))) + 3.
-28
Evaluate -12 - (-31 + 33) - -3.
-11
What is the value of 0 - (19 + -12) - 8?
-15
Evaluate -40 - (-12 - (-20 + 30)).
-18
-9 - (-7 + 4) - 3
-9
What is -14 + (-1 - -1 - 7 - -1) + 7?
-13
What is the value of 13 + -15 + -12 - -28?
14
What is the value of 7 - (-9 + (8 - -7))?
1
What is (-2 - (-16 + -2)) + -115 + 108?
9
Calculate -2 + (17 - -3) + -74 + 67.
11
-10 + (-9 - 4) + 24
1
Wh